rs of k(-7).
4099
Let r = 53 - 48. Let z be (((-15)/3)/r)/((-1)/2). Suppose 4*g - 2*t - 182 = 0, -66 = z*g - 4*g - 4*t. What are the prime factors of g?
43
Suppose -4816318 = 41*h - 273*h + 3441490. What are the prime factors of h?
2, 13, 37
Let l(s) = 2*s**2 + 15*s + 1. Let f be l(-7). Let t be 2 - (-5)/(15/f). Suppose 2*v = -3*c + 199, -v + 5*c + 45 + 48 = t. List the prime factors of v.
2, 7
Suppose -d + 2570 = 2*t - 2632, 0 = 5*d + 2*t - 26026. What are the prime factors of d?
2, 19, 137
Suppose 8*o + 19836 = 3580. Let s = 3001 + o. What are the prime factors of s?
3, 17, 19
Suppose 0 = 36*f + 11*f - 11569 - 210600. What are the prime factors of f?
29, 163
Let y(a) = -46*a - 48. Let i be y(-8). Suppose -16*d = -17*d + i. List the prime factors of d.
2, 5
Suppose 0 = -9*x + 28*x + 328149. What are the prime factors of x/(-39) + 16/104?
443
Let w(d) = -92*d**3 - 4*d + 1. Let j be w(1). Let s(a) = -15*a**2 + 2*a + 1. Let b be s(-2). Let x = b - j. List the prime factors of x.
2
Let i(c) = -c**3 - 7*c**2 + 7*c + 1. Let v be i(4). Let p = v + 719. Suppose -p = -4*r + 4*h, -r - h = -4*h - 143. What are the prime factors of r?
11, 13
Let v(k) = -k - 11. Let o be v(-26). Let y = o - -105. List the prime factors of y.
2, 3, 5
Let c(m) = 14 + 1 + 5*m - 5. Suppose 102*a = -47 + 1679. List the prime factors of c(a).
2, 3, 5
Suppose -284*b = -327*b + 180342. List the prime factors of b.
2, 3, 233
Suppose -5*u + 1970 = 5*l - 3995, -4*u + 4757 = l. Suppose -5*h = -s - 2010, -3*s + u = 5*h - 2*h. What are the prime factors of h?
401
What are the prime factors of (5119/(-5))/((-124)/620)?
5119
Suppose -358*v = -355*v - 471. Suppose -2*o + o + 77 = 5*i, -o + i + 71 = 0. Let g = v + o. What are the prime factors of g?
229
Suppose 5*a + 3*q = -372, 158 = -2*a - 2*q + 6. Let i be (-23959)/(-143) - (-24)/(-44). Let h = a + i. List the prime factors of h.
5, 19
Let r(f) = 19489*f**2 + 221*f + 220. List the prime factors of r(-1).
2, 3, 7, 29
Let c be ((-2)/4)/((-4)/24). Suppose c*s + o = 2*s + 145, -4*o + 160 = s. List the prime factors of s.
2, 5, 7
Suppose 4*l + 5*t = 28, -2*l + 3*t + 14 = 5*t. Let j be (-2454)/(-14) - 2/l. Let x = j - 82. What are the prime factors of x?
3, 31
What are the prime factors of ((-3 + 4)/((-1)/6873))/((-9)/33)?
11, 29, 79
Let x = -56117 - -121943. What are the prime factors of x?
2, 3, 23, 53
Suppose 7*r + 4 - 4 = 0. What are the prime factors of (338 - r)/((-14)/(-7))?
13
Let u = 28 - -2. Suppose 4*z = c + z - u, -z = c - 50. Let m = 73 - c. What are the prime factors of m?
2, 7
Let c = 47 - 42. Suppose 2*y + 199 = j, -c*y = -3*j - 181 + 783. Suppose -2*k + 134 = 5*u - 22, -3*k = -5*u - j. What are the prime factors of k?
73
Let v be ((-63)/28)/(1/(-104)). Let c = v + 234. Suppose -6*n - 150 = -c. What are the prime factors of n?
53
Suppose 2*t - 4 = 0, 3*t + 9 = 5*f + 5. Suppose 5*g - 1110 = f*b, 5*g = 11*b - 7*b + 1110. What are the prime factors of g?
2, 3, 37
Suppose 350 - 1034 = -3*u. Suppose d - 165 - u = 0. What are the prime factors of d?
3, 131
Let i(d) = -19 + 8 - 76*d + 94*d. Suppose 0 = -2*j - 4 + 22. List the prime factors of i(j).
151
Let z = 38 - 26. Suppose -4114 = -z*p - 142. List the prime factors of p.
331
Suppose -271*i + 215*i + 345072 = 0. List the prime factors of i.
2, 3, 13, 79
Let d(s) = -s**3 + 5*s**2 + 6*s + 3. Let n be d(6). Let a be (-52)/(n*1/(-6)). Suppose 47*j - a = 46*j. List the prime factors of j.
2, 13
Let a be (-1707)/(-9) + (-4)/(-12). Let y(n) = n**2 + 5*n + 3. Let j be y(-5). Suppose -j*s + 6 = 0, p - a = -4*s - 49. List the prime factors of p.
7, 19
Let u(c) = -21830*c + 62. List the prime factors of u(-2).
2, 3, 7, 347
Suppose -2*w + 3*f = -4320, -3*w - 408 = 4*f - 6905. Let n = -1301 + w. List the prime factors of n.
2, 431
Suppose -6*a - 3*j + 2 = -5*a, -4 = -2*j. Let t(s) be the third derivative of s**5/60 - s**4/3 - 3*s**3/2 + s**2. List the prime factors of t(a).
3, 13
Suppose 3*t - 19136 = -4*s + 3113, -3*s = 5*t - 37067. What are the prime factors of t?
7411
Let m be -1*1*(-18 - -17) + -2. Let j be 0/(m + -1 - 1). Let y(v) = -v**3 - v**2 + 2*v + 53. What are the prime factors of y(j)?
53
Suppose 221*f = -473213 + 2831062. What are the prime factors of f?
47, 227
Let i be (-19 + (-1281)/(-63))*(-3)/(-2). Let a = -11 + 141. Suppose -i*x = -a - 14. What are the prime factors of x?
2, 3
Let r = 1671 - 1681. Let j(l) = 8*l**2 + 29*l + 4. Let k(y) = -9*y**2 - 28*y - 4. Let o(p) = 5*j(p) + 4*k(p). What are the prime factors of o(r)?
2, 37
Suppose -14*l = 3370 - 11784. Let w be (1 + -6)/(-1) + -2. Suppose -r = a - 144, l = w*a - r + 157. List the prime factors of a.
3, 7
Let h(g) = g**3 + g + 15. Let m be h(0). Suppose 7*k - m = 2*k. Suppose 3*r - 2*o = k*o + 275, -5*o = r - 65. List the prime factors of r.
5, 17
Let z(i) = 2*i**2 - 7*i + 14. Let d(h) = 9*h - 5. Let k be d(2). Suppose 18 = -11*p + k*p. List the prime factors of z(p).
113
Suppose 7*h - 8678 = 3712. Let y = h + -1247. List the prime factors of y.
523
Let y(j) = -j**3 + 21*j**2 - 18*j + 52. Let t be y(14). Let g = 2971 - t. List the prime factors of g.
7, 257
Suppose -24*b = -3*h - 26*b + 8900, 0 = -3*b - 6. Suppose -592 = 24*a - h. List the prime factors of a.
3, 11
Let h(j) = 2*j**2 + j. Let w be h(-3). Suppose 0*r + 12 = -2*r - 4*v, v = r + w. What are the prime factors of 6/r + (-114)/(-4) + 1?
29
Let n(m) = 3*m**2 - 75*m + 194. What are the prime factors of n(43)?
2, 17, 37
Let b(x) be the first derivative of -67*x**2/2 + 21*x - 1. Suppose 64 = 63*j + 40*j + 270. List the prime factors of b(j).
5, 31
Let q(p) = -p**3 + 3*p**2 + 6*p + 5. Let a be q(-4). Let s = a + -147. Let l = 151 + s. List the prime factors of l.
97
Let a be (-18)/84*2*-7. Suppose -a*b - 3*b = -1680. What are the prime factors of b?
2, 5, 7
Let j be 72/96 + 365/4. Let l(h) = -18*h. Let t be l(-1). Suppose -22*a + j = -t*a. List the prime factors of a.
23
Suppose 48*f = 90*f - 46*f + 78960. What are the prime factors of f?
2, 3, 5, 7, 47
Suppose -47*z + 42*z = -3*y + 190218, 0 = -4*y - 4*z + 253592. List the prime factors of y.
13, 4877
Let o = 672 + -330. Suppose 19*k - 16*k = o. List the prime factors of k.
2, 3, 19
Let i = 52 - 67. Let q(m) be the third derivative of -m**4/24 + 2*m**3/3 + 3*m**2. What are the prime factors of q(i)?
19
Suppose q - 3328 = -2*m, 13*m - 15*m = -q - 3320. What are the prime factors of m?
2, 3, 277
Suppose -2*j + 6 = j. Suppose -j*u + g = -719 - 105, 2*g - 417 = -u. What are the prime factors of u?
7, 59
Let x(y) = -y**2 - 1. Let h(q) = q**3 + 8*q**2 - 2*q + 8. Let a(j) = h(j) + 6*x(j). Let o be a(-3). List the prime factors of (-63)/o*(-7)/((-42)/16).
2, 3, 7
Let n = -3589 + 3648. List the prime factors of n.
59
List the prime factors of ((-1914)/(-145))/(36/37740).
2, 11, 17, 37
Suppose 52*b - 2*b = 742903 + 774847. List the prime factors of b.
5, 13, 467
Suppose -2*o = -5*u - 295 - 2, o + 3*u - 132 = 0. Suppose -3*t + 102 = -5*h + 325, 5*h = t + 81. Let q = t + o. What are the prime factors of q?
2, 5, 7
Let k = 25507 + -11468. What are the prime factors of k?
101, 139
Let s = 8686 + -2245. List the prime factors of s.
3, 19, 113
Suppose 8*s - 613966 = -7*s - 23*s. List the prime factors of s.
107, 151
Suppose -27*k + 62*k - 6709146 = -87*k. What are the prime factors of k?
3, 23, 797
Suppose 5*g - 3*y = 82, 0*g + g = 4*y + 30. Suppose -2*w = -w - 3. Suppose 9 = t + 5*f, 3*t + w - g = f. List the prime factors of t.
2
Let b = 782 + -356. Let h be 2*((-27)/2)/3. What are the prime factors of (b/h)/(1/(-3))?
2, 71
Let c = 14225 + -922. What are the prime factors of c?
53, 251
Let k = -138 - -147. List the prime factors of 12220/36 + (-4)/k.
3, 113
Let u(j) = 15*j - 3. Let q be u(-4). Let r = 63 + q. Suppose r = 5*x + n + 9 - 107, 2*x + 4*n - 32 = 0. What are the prime factors of x?
2, 5
Let s = 444 - 839. What are the prime factors of s/((-1 - -3)/((-20)/10))?
5, 79
Let v(p) = -2*p**2 - 13*p - 8. Let g be v(-6). List the prime factors of (2376/(-77))/(g/21).
2, 3
List the prime factors of 50300/3 + (-990)/(-297).
2, 3, 5, 13, 43
Suppose 0 = 35*i - 164*i + 553539. List the prime factors of i.
7, 613
Suppose 3 = -4*m + 15. Suppose -2*f = m*q - 17, -3 = 3*f - 15. Suppose 0*i = -i + q*h + 108, -h = -i + 118. What are th